 + 2*h - 210 = 0, 4*w + v*h + 115 = 952. What is the greatest common factor of w and 13?
13
Let c be 2/4 + (-4771)/(-26). Let u = -41 + c. Suppose -2*m - 4*k + 18 = 0, -4*k + 31 = 3*m - 0*k. What is the highest common divisor of u and m?
13
Let u(n) = 2*n**2 - 40*n + 63. Let a be u(30). What is the highest common divisor of 26 and a?
13
Let n(f) = -f**2 - 6*f - 5. Let q be n(-4). Suppose -5*s - 6*l + 60 = -3*l, -q*l + 48 = 4*s. What is the highest common divisor of s and 18?
6
Let f(q) = -13*q**3 - 2*q**2 - q. Let y be f(-1). Let a = -410 + 506. Calculate the highest common divisor of y and a.
12
Suppose -2*m = -3*m. Suppose 0*v + v - 17 = m. What is the highest common divisor of v and 17?
17
Suppose 7*s - 50 = -295. Let t be 42/5 - (-14)/s. What is the greatest common divisor of t and 24?
8
Suppose -5*j = 5*b - 55, -j + 35 = 3*b - 0*b. Let w = 435 + -399. What is the greatest common divisor of b and w?
12
Let i(t) = -t**2 + 17*t - 31. Let l be i(15). Let y = 12 + l. Calculate the highest common divisor of y and 55.
11
Suppose 3*m + 4*a = 190, 31*m = 30*m - 5*a + 56. What is the highest common factor of 1650 and m?
66
Let x be (6*91/21)/2. What is the greatest common divisor of 377 and x?
13
Let d be (40/6)/(((-16)/168)/(-1)). Calculate the highest common factor of d and 45.
5
Let i(n) be the first derivative of 1/2*n**2 - 2*n - 3. Let m be i(3). What is the highest common factor of 5 and m?
1
Let y be (3/(-9))/((-3)/81). Suppose -90 = 6*m - y*m. Calculate the greatest common divisor of 30 and m.
30
Suppose 1 - 3 = -l. Suppose l*u = 3*b - 15 - 7, -2*b + 23 = -3*u. Calculate the greatest common factor of b and 36.
4
Let u = 10 + 61. Let p = u - 99. Let r = 41 + p. What is the greatest common divisor of r and 52?
13
Let u = 1345 - 859. Let m = u - 210. Calculate the highest common divisor of 12 and m.
12
Suppose 86*y - 2408 = 43*y. Calculate the highest common divisor of y and 1316.
28
Let y be (-4 - 0 - (-73 + -12)) + -4. Calculate the highest common divisor of 220 and y.
11
Let l(a) = 12*a + 4*a - 46 + 3*a**2 + 36. Let v be l(-7). Calculate the highest common divisor of 200 and v.
25
Let x = 1201 - 1174. Let b(q) = q + 2. Let j be b(7). Calculate the greatest common divisor of j and x.
9
Let i be 3/(-6) - 2/4. Let s = i + 15. What is the greatest common factor of s and 98?
14
Suppose -f - 8 = 5*n - 40, 0 = 5*f - 5*n - 40. Calculate the highest common divisor of f and 300.
12
Suppose 4*t = 22 + 70. Suppose 28 = -19*u + t*u. What is the greatest common factor of 7 and u?
7
Let f(c) = 14*c**2 - 189*c - 14. Let l be f(14). Let m = 4 + 52. Calculate the highest common divisor of m and l.
28
Let o(s) = s**2 + 29*s - 447. Let u be o(-41). Let t be 4/10 + (-264)/(-15). Calculate the greatest common divisor of t and u.
9
Let a = -1543 + 1555. Calculate the greatest common factor of a and 3324.
12
Let n be (6 + -4)/(2/(-585)). Let h be n/(-10) - 2/4. What is the highest common divisor of 87 and h?
29
Let w be ((-8)/10)/((-13)/585). Calculate the highest common divisor of 612 and w.
36
Let n = 47 - 6. Suppose 0 = x - y - n, -2*x - 5*y + 185 = 3*x. Let j = x - 7. What is the greatest common divisor of j and 8?
8
Let l be (-2)/(((-2)/(-2))/(-6)). Let w(d) = d + 2. Let s be w(-2). Suppose s = 2*r - 0*r + x - 12, -x = -3*r + 8. What is the highest common factor of r and l?
4
Let z = 229 + -151. Calculate the highest common factor of z and 104.
26
Let y(w) = -w**2 + 18*w - 62. Let q be y(8). Suppose 2*i = 2 + 2. Calculate the highest common factor of i and q.
2
Suppose 2*a - 24 = 5*f + 7, 5*f = 3*a - 39. Suppose -10 = 6*j - a*j. What is the highest common factor of j and 20?
5
Suppose 220 = 7*s - 2*s. Let y be 1*5 - (-61 + -44). What is the highest common divisor of s and y?
22
Let g be ((-1)/3)/(1/(-12)). Let h(r) = -8*r + 3. Let f be h(1). Let o be -3 + (-2)/(2/f). What is the greatest common factor of o and g?
2
Let c(u) = -5 - 9*u + 2 - u - 2*u. Let t be c(-3). Suppose -33*b + 7 = -92. Calculate the highest common factor of t and b.
3
Let o(c) = c**3 + 16*c**2 - 17*c + 4. Let n be o(-17). Let f be (-3)/(12/(-46)) + (-2)/n. What is the highest common divisor of 99 and f?
11
Let n(m) = -m**2 - 23*m - 12. Let l be n(-22). Suppose 57 = 3*x - 126. Let g = -11 + x. Calculate the highest common factor of l and g.
10
Let i(q) = q**2 - 11*q + 6. Let d be i(13). What is the greatest common divisor of 8 and d?
8
Let v(d) = -3*d**3 - 35*d**2 + 12*d + 1. Let p be v(-12). What is the greatest common divisor of 2 and p?
1
Let p be (459/(-51))/((-6)/32). Calculate the highest common divisor of p and 1200.
48
Let l be 8/56 - 3693/(-21). What is the greatest common divisor of 11 and l?
11
Suppose -86*h + 84*h = -656. Let c(d) = 29*d - 133. Let m be c(6). Calculate the greatest common divisor of m and h.
41
Suppose -11*b - 584 = -3*b. Let x = b + 88. Calculate the highest common factor of x and 15.
15
Let n(b) = -12*b**3 + b**2 + b. Let g = -18 + 17. Let y be n(g). Calculate the highest common divisor of y and 4.
4
Suppose -6*m - 9*m = 720. Let t be (-16)/m + 214/6. Calculate the highest common factor of 27 and t.
9
Let f = -20 - -12. Let m = f + 0. Let k be m/3*36/(-6). Calculate the highest common factor of 144 and k.
16
Suppose 1 = q, -3*x + 1113 = -3*q + 6*q. Calculate the greatest common divisor of 20 and x.
10
Let l(k) = -42*k - 43. Let o be l(-2). Calculate the highest common divisor of o and 287.
41
Suppose n = 313 + 429. What is the greatest common factor of n and 14?
14
Let y = 301 - 285. Calculate the greatest common factor of 80 and y.
16
Suppose -3*w = 9, 3*h + 3*w + 42 = -2*w. Let j be ((-6)/h)/((-2)/(-18)). Suppose -4*g + 66 = j. What is the greatest common divisor of 10 and g?
5
Suppose 0 = 9*y - 113 - 607. What is the highest common divisor of 8 and y?
8
Suppose 104 = 5*h - 1. Let y = -65 - -72. What is the highest common factor of h and y?
7
Suppose -s + 70 = -3*p, 0*s + 3*p + 235 = 4*s. Let z = s - 35. Calculate the greatest common divisor of 4 and z.
4
Let j be (-2)/15 - (-5 + 9564/(-180)). What is the greatest common factor of 4 and j?
2
Let w(d) = 4*d - 17. Let x be w(5). Suppose -3*i + 30 = a, -x*i - 2*i + 61 = -2*a. Calculate the highest common divisor of i and 77.
11
Suppose 106*f - 17460 = 9*f. What is the highest common factor of f and 140?
20
Let t(d) = -2*d - 1. Let u(p) = 4*p + 2. Let o(m) = 7*t(m) + 3*u(m). Let r be o(-4). What is the greatest common factor of r and 63?
7
Suppose 5*l - 1 = a, -6*a = 4*l - a + 5. Suppose -116 = -5*i - l*i + 3*m, -4*i - m + 86 = 0. What is the highest common factor of i and 11?
11
Suppose 8*d = -16 + 32. Calculate the greatest common divisor of d and 4.
2
Let l be ((-2)/(-4))/(1/98). Let k be 1*-21*(-2 + 7 + (-203)/21). What is the highest common divisor of l and k?
49
Let l(h) = -17*h**3 - 2*h**2 - 3*h - 6. Let o be l(-2). Calculate the greatest common factor of o and 40.
8
Suppose 10*u + 380 = -1120. Let i = -126 - u. Suppose -2*g + 1 + 6 = -h, 21 = 2*h + 3*g. What is the highest common factor of h and i?
3
Suppose 3*x = 4*x - 62. Let y = x - 97. Let c be (-21)/28 - y/4. What is the greatest common divisor of c and 12?
4
Suppose -s = 3*f - 5*s - 6, -3*f - 3*s + 27 = 0. Suppose 0*h + f*h = 108. Let v be (h - 12)/(6/10). What is the highest common divisor of v and 10?
10
Let q be (5 - 4/(-12))*(-3069)/(-12). Calculate the highest common factor of q and 44.
44
Suppose 2*d - 88 = d + 3*j, d - 4*j = 84. Calculate the greatest common factor of 20 and d.
20
Let p be (-4)/10 + (-820)/(-50). Calculate the greatest common factor of p and 144.
16
Let w(j) = -6*j**2 - 4*j - 3. Let i be w(4). Let u = 277 + i. What is the highest common factor of 18 and u?
18
Suppose -5*s + 44 = -81. Calculate the highest common divisor of 20 and s.
5
Suppose 5*o = -f + 89, -2*f = -5*f + 4*o + 248. Calculate the greatest common factor of 196 and f.
28
Suppose -3*h + 0*o = o - 196, 5*h = -4*o + 329. Suppose 5*n - 30 = -44*a + 43*a, -n - a + 10 = 0. What is the greatest common divisor of h and n?
5
Let v(f) = -4*f**2 + f - 7. Let z(y) = y**3 - 5*y**2 - 6. Let i(c) = 3*v(c) - 2*z(c). Let u be i(-5). What is the highest common factor of u and 16?
16
Let c(h) = 80*h**2 - 19*h + 17. Let f be c(1). What is the greatest common factor of f and 